
Convert 130d9 (base 16) to base 12.
391b5
What is 3543 (base 7) in base 6?
10013
32551 (base 6) to base 10
4531
3960 (base 12) to base 6
50200
What is 11000001010011 (base 2) in base 6?
133135
Convert -57aa (base 12) to base 4.
-2120302
352 (base 15) to base 6
3252
What is 2134 (base 15) in base 5?
211044
What is -45 (base 10) in base 4?
-231
Convert -33450 (base 7) to base 8.
-20417
Convert -1011010000001 (base 2) to base 9.
-7811
Convert -12221 (base 8) to base 4.
-1102101
-1011001110 (base 2) to base 4
-23032
What is -892 (base 12) in base 10?
-1262
Convert 459 (base 15) to base 11.
815
4a6b (base 14) to base 3
122212122
Convert -5417 (base 9) to base 5.
-111420
Convert 656 (base 15) to base 3.
1222000
Convert 4032 (base 10) to base 6.
30400
Convert 642 (base 7) to base 11.
275
Convert 14655 (base 7) to base 10.
4107
701 (base 14) to base 5
20443
Convert -137 (base 16) to base 5.
-2221
What is 110d (base 16) in base 15?
1460
Convert -11010202121 (base 3) to base 7.
-456352
-243 (base 12) to base 5
-2324
What is -2211220 (base 3) in base 11?
-1618
What is 100021113 (base 4) in base 2?
10000001001010111
332203 (base 4) to base 7
14446
What is -1201000 (base 3) in base 6?
-5430
Convert 2b83 (base 13) to base 3.
22201120
Convert -bc (base 16) to base 4.
-2330
Convert 13102 (base 6) to base 16.
7be
Convert -1101001110 (base 2) to base 4.
-31032
What is -658 (base 9) in base 7?
-1400
What is -4022 (base 14) in base 7?
-44042
10220112 (base 3) to base 15
c9e
What is 103440 (base 5) in base 12?
2118
What is 35457 (base 8) in base 16?
3b2f
111100001101 (base 2) to base 9
5251
Convert -4404 (base 5) to base 11.
-4aa
What is 29b (base 12) in base 10?
407
Convert -141413 (base 6) to base 8.
-32021
What is -3e5e (base 15) in base 7?
-53651
What is -13b10 (base 13) in base 3?
-1212210021
Convert -3930 (base 11) to base 3.
-21000110
Convert -120011 (base 3) to base 12.
-2a1
What is -132302 (base 5) in base 11?
-4003
-1b99 (base 15) to base 3
-22020000
Convert 2011111110 (base 3) to base 16.
a695
1110001000 (base 2) to base 8
1610
What is 50062 (base 7) in base 3?
121112021
What is -222 (base 5) in base 12?
-52
What is 10021012 (base 3) in base 12?
1465
Convert -121112 (base 3) to base 13.
-284
What is -15360 (base 7) in base 14?
-17d7
Convert -1213 (base 12) to base 2.
-11111101111
What is 3a1 (base 15) in base 3?
1010121
221 (base 14) to base 11
353
-101110010000100 (base 2) to base 7
-126023
What is 2333 (base 7) in base 10?
857
1573 (base 8) to base 6
4043
Convert 411d (base 15) to base 13.
634c
What is 54345 (base 9) in base 2?
1000110010100101
-1201 (base 6) to base 13
-193
Convert -100101111111001 (base 2) to base 10.
-19449
Convert 1332 (base 5) to base 10.
217
-25611 (base 10) to base 2
-110010000001011
What is -220233 (base 4) in base 9?
-3516
-73a (base 12) to base 16
-41e
What is -370 (base 9) in base 2?
-100110010
What is 21220 (base 3) in base 9?
256
-2350 (base 8) to base 6
-5452
What is -3069 (base 12) in base 15?
-1860
2954 (base 16) to base 8
24524
What is 2980 (base 14) in base 9?
11082
Convert 11130111 (base 4) to base 8.
53425
What is -1443 (base 8) in base 2?
-1100100011
-1908 (base 13) to base 3
-12010000
5235 (base 7) to base 11
1422
Convert 20202020 (base 3) to base 5.
124140
-102120 (base 3) to base 8
-470
What is 210222 (base 3) in base 5?
4333
What is -30321 (base 5) in base 15?
-8ab
Convert -103454 (base 6) to base 12.
-4b8a
-227 (base 15) to base 6
-2131
7627 (base 13) to base 8
40052
1101100111 (base 2) to base 13
520
Convert 34553 (base 9) to base 6.
254420
-6197 (base 15) to base 2
-101000010001001
What is 11110101 (base 2) in base 15?
115
What is -100100 (base 2) in base 5?
-121
-10111011100011 (base 2) to base 10
-12003
3202 (base 5) to base 2
110101011
11202 (base 4) to base 13
213
536 (base 15) to base 5
14201
Convert -12011131 (base 4) to base 7.
-132445
What is -8d22 (base 15) in base 9?
-45075
Convert 201121020 (base 3) to base 7.
56442
Convert -2153 (base 7) to base 8.
-1405
36507 (base 9) to base 3
1020120021
What is 6a8 (base 16) in base 9?
2303
-113232 (base 4) to base 11
-1160
What is 199 (base 11) in base 12?
171
10431 (base 5) to base 3
1000110
Convert -3041 (base 5) to base 12.
-290
-3761 (base 15) to base 7
-46243
Convert 20775 (base 9) to base 6.
143405
What is -2558 (base 9) in base 10?
-1916
1330221 (base 4) to base 7
32154
What is -10123 (base 4) in base 11?
-238
What is 1011011 (base 3) in base 7?
2311
-54315 (base 6) to base 9
-11212
4022 (base 5) to base 9
628
Convert -310 (base 12) to base 6.
-2020
Convert 110000111 (base 2) to base 16.
187
What is 5048 (base 11) in base 15?
1ec2
Convert 30611 (base 8) to base 9.
18350
What is 2051 (base 8) in base 13?
63c
What is 2144 (base 9) in base 11?
1206
-812a (base 13) to base 16
-4575
477 (base 13) to base 7
2154
What is -1023320 (base 4) in base 7?
-20105
-2b45 (base 15) to base 8
-22112
-4d5d (base 16) to base 11
-13975
Convert 121134 (base 5) to base 11.
3461
Convert 11102111 (base 3) to base 13.
1612
What is 1450f (base 16) in base 9?
136131
1261 (base 7) to base 14
268
1461 (base 8) to base 6
3441
Convert 398 (base 10) to base 5.
3043
-3c2e (base 15) to base 9
-18578
-6755 (base 13) to base 10
-14435
What is -1010011110 (base 2) in base 4?
-22132
What is 2cc (base 13) in base 16?
1fa
What is 20190 (base 10) in base 11?
14195
What is -689 (base 16) in base 8?
-3211
Convert 334 (base 5) to base 8.
136
Convert 201002210 (base 3) to base 8.
33146
Convert -176 (base 13) to base 6.
-1122
Convert -358 (base 10) to base 8.
-546
What is 5122 (base 15) in base 13?
7a4b
Convert b6d (base 16) to base 8.
5555
What is -480 (base 11) in base 15?
-282
What is 691 (base 16) in base 12?
b81
What is 5495 (base 12) in base 6?
111105
Convert 12010 (base 3) to base 16.
8a
Convert 55 (base 13) to base 14.
50
Convert -21111 (base 3) to base 11.
-174
What is -4b00 (base 14) in base 2?
-11001101001100
8590 (base 15) to base 13
cb2b
-25760 (base 8) to base 9
-16377
Convert -86ba (base 12) to base 11.
-10162
Convert 13570 (base 9) to base 7.
35604
What is 343 (base 13) in base 7?
1432
-2844 (base 10) to base 3
-10220100
-2238 (base 11) to base 16
-b81
What is -790 (base 10) in base 7?
-2206
2041 (base 6) to base 16
1c9
Convert -1001101100 (base 2) to base 12.
-438
Convert -2a8 (base 12) to base 5.
-3131
Convert -12231 (base 9) to base 8.
-20021
What is -13161 (base 9) in base 6?
-105044
-53544 (base 6) to base 10
-7336
What is 1112022202 (base 3) in base 4?
13112231
What is -1121211 (base 4) in base 13?
-27c0
Convert 404664 (base 7) to base 9.
114510
What is -32013 (base 4) in base 8?
-1607
3044 (base 5) to base 10
399
Convert -1481 (base 9) to base 15.
-501
Convert -10002 (base 6) to base 3.
-1210002
What is 14093 (base 10) in base 8?
33415
What is 2365 (base 7) in base 10?
880
What is -a9 (base 15) in base 8?
-237
Convert 13136 (base 14) to base 7.
253466
21a2 (base 14) to base 5
141301
Convert -a306 (base 12) to base 11.
-12348
Convert -1b10 (base 16) to base 10.
-6928
What is 68a (base 16) in base 5?
23144
-512 (base 7) to base 4
-3332
Convert 7988 (base 13) to base 3.
212100002
Convert -451 (base 6) to base 9.
-214
What is -19727 (base 11) in base 5?
-1334441
Convert -14680 (base 9) to base 13.
-474c
Convert 10001001 (base 2) to base 8.
211
Convert 11111011000 (base 2) to base 4.
133120
-3015 (base 8) to base 5
-22144
1030 (base 6) to base 3
22200
What is c3b (base 13) in base 2?
100000011110
Convert 1318 (base 11) to base 14.
8a5
-545 (base 15) to base 16
-4a6
What is -32 (base 6) in base 2?
-10100
Convert 2122000 (base 3) to base 15.
87c
What is -543 (base 10) in base 12?
-393
37651 (base 10) to base 16
9313
What is -12233 (base 4) in base 5?
-3211
What is 102101 (base 3) in base 5?
2212
Convert d71 (base 15) to base 16.
bd7
What is -100010001100 (base 2) in base 12?
-1324
What is 21232113 (base 4) in base 5?
2233311
10112211100 (base 3) to base 10
69858
1154b (base 14) to base 5
2322312
What is 207 (base 10) in base 13?
12c
What is -423 (base 11) in base 15?
-23e
Convert 796 (base 12) to base 13.
684
Convert 286 (base 10) to base 13.
190
What is 21829 (base 12) in base 8?
126541
What is 1123211 (base 4) in base 14?
21c9
-8e (base 16) to base 10
-142
Convert -956 (bas